

{"id":773,"date":"2018-07-13T17:12:47","date_gmt":"2018-07-13T15:12:34","guid":{"rendered":"https:\/\/www.schule-wollerau.ch\/primarschule\/unsere-schule\/schul-abc\/k\/"},"modified":"2019-02-12T10:47:07","modified_gmt":"2019-02-12T09:47:07","slug":"k","status":"publish","type":"page","link":"https:\/\/www.musikschule-wollerau.ch\/primarschule\/unsere-schule\/schul-abc\/k\/","title":{"rendered":"K"},"content":{"rendered":"<div class=\"row\"><div class=\"col-12 col-sm-12 col-lg-12  offset-sm-0 offset-lg-0  d-block d-sm-block d-lg-block\"><div class=\"mxm_accordion default\">\r\n\r\n    <div id=\"accordion-first\" class=\"clearfix\">\r\n        <div class=\"accordion\" id=\"#parent-id-\">\r\n                <div class=\"accordion-group\">\r\n                    <div class=\"accordion-heading\">\r\n                        <a class=\"accordion-toggle collapsed\" data-toggle=\"collapse\" data-parent=\"a\" href=\"#accordion-879\">\r\n                            <em class=\"icon-fixed-width fa fa-plus\"><\/em>\r\n                                KIM (Begabtenf\u00f6rderung)\r\n                        <\/a>\r\n                    <\/div>\r\n                    <div style=\"height: 0px;\" id=\"accordion-879\" class=\"accordion-body collapse \">\r\n                        <div class=\"accordion-inner\">\r\n                            <div class=\"row\"><div class=\"col-12 col-sm-12 col-lg-12  offset-sm-0 offset-lg-0  d-block d-sm-block d-lg-block\"><div class=\"mxm_wysiwyg default d-inline\">\r\n\t<p>Sch\u00fcler*innen mit besonderen Begabungen und Hochbegabungen k\u00f6nnen namentlich durch folgende Massnahmen gef\u00f6rdert werden:<\/p><ul><li>unterrichtliche Massnahmen in der Klasse;<br \/>schulorganisatorische Massnahmen wie fr\u00fchzeitige<\/li><li>Einschulung, Angebot von F\u00f6rderstunden, \u00dcberspringen einer Klasse, vorzeitiger Eintritt in die Mittelschule, Dispensation von gewissen F\u00e4chern;<\/li><li>Schulung in Sonderklassen;<\/li><li>Bevor entsprechende Massnahmen getroffen werden, kann die Schulleitung eine schulpsychologische Abkl\u00e4rung verlangen.<br \/>(aus \u201eVerordnung \u00fcber die Volksschule\u201c)<\/li><\/ul><p>Die Primarschule Wollerau startete im Schuljahr 2007\/08 das Begabtenf\u00f6rderungsprojekt Grips+. Seit Schuljahr 2010\/11 heisst das Begabtenf\u00f6rderungsprojekt neu KIM. Die Abk\u00fcrzung steht f\u00fcr \"Kreativit\u00e4t-Interesse-Motivation\".<\/p><p><a href=\"https:\/\/www.schule-wollerau.ch\/primarschule\/wp-content\/uploads\/2022\/09\/KIM-Konzept\u00fcberarbeitung-2018.pdf\">KIM Konzept\u00fcberarbeitung 2018<\/a><\/p>\r\n<\/div><\/div><\/div>\r\n                        <\/div>\r\n                    <\/div>\r\n                <\/div>\r\n                <div class=\"accordion-group\">\r\n                    <div class=\"accordion-heading\">\r\n                        <a class=\"accordion-toggle collapsed\" data-toggle=\"collapse\" data-parent=\"a\" href=\"#accordion-882\">\r\n                            <em class=\"icon-fixed-width fa fa-plus\"><\/em>\r\n                                Kinder- und jugendpsychiatrischer Dienst (KJPD)\r\n                        <\/a>\r\n                    <\/div>\r\n                    <div style=\"height: 0px;\" id=\"accordion-882\" class=\"accordion-body collapse \">\r\n                        <div class=\"accordion-inner\">\r\n                            <div class=\"row\"><div class=\"col-12 col-sm-12 col-lg-12  offset-sm-0 offset-lg-0  d-block d-sm-block d-lg-block\"><div class=\"mxm_wysiwyg default d-inline\">\r\n\t<p>Der Kinder- und Jugendpsychiatrische Dienst ist ein \u00e4rztlich geleiteter Dienst des Kantons Schwyz. Kinder und Jugendliche mit psychologischen und reaktiven St\u00f6rungen k\u00f6nnen abgekl\u00e4rt und behandelt werden. Eine Anmeldung ist sowohl durch die Eltern als auch durch Jugendliche m\u00f6glich.<\/p><p>Im Einverst\u00e4ndnis mit den Eltern ist eine Anmeldung auch durch Fachleute oder andere Beteiligte m\u00f6glich.<\/p><p>Kinder- und Jugendpsychiatrischer Dienst Schwyz<br \/>Poststrasse 1<br \/>8853 Lachen<\/p><p>Tel. 055 451 60 50<br \/>Fax 055 451 60 51<\/p><p><a href=\"https:\/\/www.triaplus.ch\/ueber-uns\/kjp-schwyz\/ueber-kjp-schwyz\" target=\"_blank\" rel=\"noopener noreferrer\">Mehr Informationen<\/a><\/p>\r\n<\/div><\/div><\/div>\r\n                        <\/div>\r\n                    <\/div>\r\n                <\/div>\r\n                <div class=\"accordion-group\">\r\n                    <div class=\"accordion-heading\">\r\n                        <a class=\"accordion-toggle collapsed\" data-toggle=\"collapse\" data-parent=\"a\" href=\"#accordion-884\">\r\n                            <em class=\"icon-fixed-width fa fa-plus\"><\/em>\r\n                                Kinderbetreuung\r\n                        <\/a>\r\n                    <\/div>\r\n                    <div style=\"height: 0px;\" id=\"accordion-884\" class=\"accordion-body collapse \">\r\n                        <div class=\"accordion-inner\">\r\n                            <div class=\"row\"><div class=\"col-12 col-sm-12 col-lg-12  offset-sm-0 offset-lg-0  d-block d-sm-block d-lg-block\"><div class=\"mxm_wysiwyg default d-inline\">\r\n\t<p><a href=\"http:\/\/www.hortplus-wollerau.ch\/\" target=\"_blank\" rel=\"noopener noreferrer\">www.hortplus-wollerau.ch<\/a><\/p>\r\n<\/div><\/div><\/div>\r\n                        <\/div>\r\n                    <\/div>\r\n                <\/div>\r\n                <div class=\"accordion-group\">\r\n                    <div class=\"accordion-heading\">\r\n                        <a class=\"accordion-toggle collapsed\" data-toggle=\"collapse\" data-parent=\"a\" href=\"#accordion-886\">\r\n                            <em class=\"icon-fixed-width fa fa-plus\"><\/em>\r\n                                \r\n                        <\/a>\r\n                    <\/div>\r\n                    <div style=\"height: 0px;\" id=\"accordion-886\" class=\"accordion-body collapse \">\r\n                        <div class=\"accordion-inner\">\r\n                            \r\n                        <\/div>\r\n                    <\/div>\r\n                <\/div>\r\n                <div class=\"accordion-group\">\r\n                    <div class=\"accordion-heading\">\r\n                        <a class=\"accordion-toggle collapsed\" data-toggle=\"collapse\" data-parent=\"a\" href=\"#accordion-888\">\r\n                            <em class=\"icon-fixed-width fa fa-plus\"><\/em>\r\n                                Kontaktm\u00f6glichkeiten\r\n                        <\/a>\r\n                    <\/div>\r\n                    <div style=\"height: 0px;\" id=\"accordion-888\" class=\"accordion-body collapse \">\r\n                        <div class=\"accordion-inner\">\r\n                            <div class=\"row\"><div class=\"col-12 col-sm-12 col-lg-12  offset-sm-0 offset-lg-0  d-block d-sm-block d-lg-block\"><div class=\"mxm_wysiwyg default d-inline\">\r\n\t<p>Die Klassenlehrpersonen informieren die Eltern zu Beginn des Schuljahres \u00fcber die gegenseitigen Kontaktm\u00f6glichkeiten (Elternabend, Gespr\u00e4che, Besuchstage, usw.)<\/p><p><strong>PUPIL Connect<\/strong><br \/>Der Kontakt \u00fcber die PUPIL connect App zwischen Schule und Elternhaus gilt haupts\u00e4chlich als Informationsmedium (Absenzmeldungen, allgemeine Infos etc.). Um Problemsituationen zu besprechen und kl\u00e4ren zu k\u00f6nnen, vereinbaren Sie mit der Lehrperson telefonisch einen Gespr\u00e4chstermin.<\/p><p>Nachrichten werden von den Lehrpersonen zeitnah verarbeitet. Sie erhalten innert zwei Arbeitstagen eine Best\u00e4tigung \u00fcber den Erhalt Ihrer Nachricht.<\/p><p><strong>Telefon<\/strong><\/p><p>Die Schulverwaltung steht Ihnen f\u00fcr allgemeine Ausk\u00fcnfte zur Verf\u00fcgung.<\/p><p>Der Telefonkontakt zwischen Lehrpersonen und Elternhaus wird haupts\u00e4chlich daf\u00fcr genutzt, um Informationen auszutauschen oder einen Gespr\u00e4chstermin zu vereinbaren (siehe oben \u201ePUPIL Connect\u201c). Bitte beachten Sie, dass Sie w\u00e4hrend den Unterrichtszeiten nur in dringenden F\u00e4llen in die Schule anrufen.<\/p><p>Vor oder nach dem Unterricht sind Lehrpersonen in der Schule erreichbar oder es kann ihnen eine Nachricht hinterlassen werden. <\/p><p><strong>Abmeldungen<\/strong><br \/>Abmeldungen infolge Erkrankung per PUPIL Connect App bis sp\u00e4testens 07.45 Uhr.<\/p><p>Hat die Lehrperson bis zum Unterrichtsbeginn keine Abmeldung erhalten, wird sie sich bei Abwesenheit Ihres Kindes kurz bei Ihnen melden.<\/p><p><strong>Elterngespr\u00e4che<\/strong><br \/>W\u00e4hrend dem Schuljahr finden offizielle Elterngespr\u00e4che statt. Hier tauschen sich Lehrpersonen und Eltern \u00fcber die schulische Entwicklung, den Lernfortschritt, das Arbeits- und Sozialverhalten sowie den Leistungsstand des Kindes aus. Die Lehrperson wird Sie fr\u00fchzeitig informieren und entsprechende Termine vereinbaren.<\/p>\r\n<\/div><\/div><\/div>\r\n                        <\/div>\r\n                    <\/div>\r\n                <\/div>\r\n                <div class=\"accordion-group\">\r\n                    <div class=\"accordion-heading\">\r\n                        <a class=\"accordion-toggle collapsed\" data-toggle=\"collapse\" data-parent=\"a\" href=\"#accordion-890\">\r\n                            <em class=\"icon-fixed-width fa fa-plus\"><\/em>\r\n                                Krankheit \/ Abwesenheit der Lehrperson\r\n                        <\/a>\r\n                    <\/div>\r\n                    <div style=\"height: 0px;\" id=\"accordion-890\" class=\"accordion-body collapse \">\r\n                        <div class=\"accordion-inner\">\r\n                            <div class=\"row\"><div class=\"col-12 col-sm-12 col-lg-12  offset-sm-0 offset-lg-0  d-block d-sm-block d-lg-block\"><div class=\"mxm_wysiwyg default d-inline\">\r\n\t<p>Bei Krankheit der Lehrperson wird die Klasse am ersten Tag durch einen so genannten \u201eSpringer\u201c (einspringende Lehrperson) betreut. Die Sch\u00fcler*innen und Eltern\/Erziehungsberechtigen werden bis zum Mittag durch die Schulleitung dar\u00fcber informiert, wie lange die Abwesenheit voraussichtlich sein wird. Bei l\u00e4ngerer Abwesenheit haben die Sch\u00fcler am 2. und 3. Tag schulfrei und werden ab dem 4. Tag nach M\u00f6glichkeit durch eine andere Lehrperson unterrichtet.<\/p>\r\n<\/div><\/div><\/div>\r\n                        <\/div>\r\n                    <\/div>\r\n                <\/div>\r\n                <div class=\"accordion-group\">\r\n                    <div class=\"accordion-heading\">\r\n                        <a class=\"accordion-toggle collapsed\" data-toggle=\"collapse\" data-parent=\"a\" href=\"#accordion-892\">\r\n                            <em class=\"icon-fixed-width fa fa-plus\"><\/em>\r\n                                Kurse in heimatlicher Sprache und Kultur (HSK)\r\n                        <\/a>\r\n                    <\/div>\r\n                    <div style=\"height: 0px;\" id=\"accordion-892\" class=\"accordion-body collapse \">\r\n                        <div class=\"accordion-inner\">\r\n                            <div class=\"row\"><div class=\"col-12 col-sm-12 col-lg-12  offset-sm-0 offset-lg-0  d-block d-sm-block d-lg-block\"><div class=\"mxm_wysiwyg default d-inline\">\r\n\t<p>In den Kursen in heimatlicher Sprache und Kultur (HSK) erweitern fremdsprachige Kinder und Jugendliche die Kenntnisse in ihrer Muttersprache und ihrer Herkunftskultur. Der Besuch der Kurse HSK wird empfohlen, ist jedoch freiwillig. Mehr Informationen und Anmeldeformulare finden Sie <a href=\"https:\/\/www.sz.ch\/verwaltung\/bildungsdepartement\/amt-fuer-volksschulen-und-sport\/unterricht\/interkulturelle-paedagogik.html\/8756-8758-8802-9466-9467-11472-11474\" target=\"_blank\" rel=\"noopener noreferrer\">hier<\/a>.<\/p>\r\n<\/div><\/div><\/div>\r\n                        <\/div>\r\n                    <\/div>\r\n                <\/div>\r\n        <\/div>\r\n        <!-- end accordion -->\r\n    <\/div>\r\n<\/div><\/div><\/div>","protected":false},"excerpt":{"rendered":"","protected":false},"author":1,"featured_media":0,"parent":210,"menu_order":8,"comment_status":"closed","ping_status":"closed","template":"pagetemplates\/page_accordion.php","meta":{"_mi_skip_tracking":false,"_links_to":"","_links_to_target":""},"yst_prominent_words":[1224,479,480,1225,1207,1205,1223,130,496,1210,1208,1211,312,478,169,174,481,183,1209,1206],"_links":{"self":[{"href":"https:\/\/www.musikschule-wollerau.ch\/primarschule\/wp-json\/wp\/v2\/pages\/773"}],"collection":[{"href":"https:\/\/www.musikschule-wollerau.ch\/primarschule\/wp-json\/wp\/v2\/pages"}],"about":[{"href":"https:\/\/www.musikschule-wollerau.ch\/primarschule\/wp-json\/wp\/v2\/types\/page"}],"author":[{"embeddable":true,"href":"https:\/\/www.musikschule-wollerau.ch\/primarschule\/wp-json\/wp\/v2\/users\/1"}],"replies":[{"embeddable":true,"href":"https:\/\/www.musikschule-wollerau.ch\/primarschule\/wp-json\/wp\/v2\/comments?post=773"}],"version-history":[{"count":2,"href":"https:\/\/www.musikschule-wollerau.ch\/primarschule\/wp-json\/wp\/v2\/pages\/773\/revisions"}],"predecessor-version":[{"id":905,"href":"https:\/\/www.musikschule-wollerau.ch\/primarschule\/wp-json\/wp\/v2\/pages\/773\/revisions\/905"}],"up":[{"embeddable":true,"href":"https:\/\/www.musikschule-wollerau.ch\/primarschule\/wp-json\/wp\/v2\/pages\/210"}],"wp:attachment":[{"href":"https:\/\/www.musikschule-wollerau.ch\/primarschule\/wp-json\/wp\/v2\/media?parent=773"}],"wp:term":[{"taxonomy":"yst_prominent_words","embeddable":true,"href":"https:\/\/www.musikschule-wollerau.ch\/primarschule\/wp-json\/wp\/v2\/yst_prominent_words?post=773"}],"curies":[{"name":"wp","href":"https:\/\/api.w.org\/{rel}","templated":true}]}}

<div class="row"><div class="col-12 col-sm-12 col-lg-12  offset-sm-0 offset-lg-0  d-block d-sm-block d-lg-block"><div class="mxm_accordion default">

    <div id="accordion-first" class="clearfix">
        <div class="accordion" id="#parent-id-">
                <div class="accordion-group">
                    <div class="accordion-heading">
                        <a class="accordion-toggle collapsed" data-toggle="collapse" data-parent="a" href="#accordion-879">
                            <em class="icon-fixed-width fa fa-plus"></em>
                                KIM (Begabtenförderung)
                        </a>
                    </div>
                    <div style="height: 0px;" id="accordion-879" class="accordion-body collapse ">
                        <div class="accordion-inner">
                            <div class="row"><div class="col-12 col-sm-12 col-lg-12  offset-sm-0 offset-lg-0  d-block d-sm-block d-lg-block"><div class="mxm_wysiwyg default d-inline">
	<p>Schüler*innen mit besonderen Begabungen und Hochbegabungen können namentlich durch folgende Massnahmen gefördert werden:</p><ul><li>unterrichtliche Massnahmen in der Klasse;<br />schulorganisatorische Massnahmen wie frühzeitige</li><li>Einschulung, Angebot von Förderstunden, Überspringen einer Klasse, vorzeitiger Eintritt in die Mittelschule, Dispensation von gewissen Fächern;</li><li>Schulung in Sonderklassen;</li><li>Bevor entsprechende Massnahmen getroffen werden, kann die Schulleitung eine schulpsychologische Abklärung verlangen.<br />(aus „Verordnung über die Volksschule“)</li></ul><p>Die Primarschule Wollerau startete im Schuljahr 2007/08 das Begabtenförderungsprojekt Grips+. Seit Schuljahr 2010/11 heisst das Begabtenförderungsprojekt neu KIM. Die Abkürzung steht für "Kreativität-Interesse-Motivation".</p><p><a href="https://www.schule-wollerau.ch/primarschule/wp-content/uploads/2022/09/KIM-Konzeptüberarbeitung-2018.pdf">KIM Konzeptüberarbeitung 2018</a></p>
</div></div></div>
                        </div>
                    </div>
                </div>
                <div class="accordion-group">
                    <div class="accordion-heading">
                        <a class="accordion-toggle collapsed" data-toggle="collapse" data-parent="a" href="#accordion-882">
                            <em class="icon-fixed-width fa fa-plus"></em>
                                Kinder- und jugendpsychiatrischer Dienst (KJPD)
                        </a>
                    </div>
                    <div style="height: 0px;" id="accordion-882" class="accordion-body collapse ">
                        <div class="accordion-inner">
                            <div class="row"><div class="col-12 col-sm-12 col-lg-12  offset-sm-0 offset-lg-0  d-block d-sm-block d-lg-block"><div class="mxm_wysiwyg default d-inline">
	<p>Der Kinder- und Jugendpsychiatrische Dienst ist ein ärztlich geleiteter Dienst des Kantons Schwyz. Kinder und Jugendliche mit psychologischen und reaktiven Störungen können abgeklärt und behandelt werden. Eine Anmeldung ist sowohl durch die Eltern als auch durch Jugendliche möglich.</p><p>Im Einverständnis mit den Eltern ist eine Anmeldung auch durch Fachleute oder andere Beteiligte möglich.</p><p>Kinder- und Jugendpsychiatrischer Dienst Schwyz<br />Poststrasse 1<br />8853 Lachen</p><p>Tel. 055 451 60 50<br />Fax 055 451 60 51</p><p><a href="https://www.triaplus.ch/ueber-uns/kjp-schwyz/ueber-kjp-schwyz" target="_blank" rel="noopener noreferrer">Mehr Informationen</a></p>
</div></div></div>
                        </div>
                    </div>
                </div>
                <div class="accordion-group">
                    <div class="accordion-heading">
                        <a class="accordion-toggle collapsed" data-toggle="collapse" data-parent="a" href="#accordion-884">
                            <em class="icon-fixed-width fa fa-plus"></em>
                                Kinderbetreuung
                        </a>
                    </div>
                    <div style="height: 0px;" id="accordion-884" class="accordion-body collapse ">
                        <div class="accordion-inner">
                            <div class="row"><div class="col-12 col-sm-12 col-lg-12  offset-sm-0 offset-lg-0  d-block d-sm-block d-lg-block"><div class="mxm_wysiwyg default d-inline">
	<p><a href="http://www.hortplus-wollerau.ch/" target="_blank" rel="noopener noreferrer">www.hortplus-wollerau.ch</a></p>
</div></div></div>
                        </div>
                    </div>
                </div>
                <div class="accordion-group">
                    <div class="accordion-heading">
                        <a class="accordion-toggle collapsed" data-toggle="collapse" data-parent="a" href="#accordion-886">
                            <em class="icon-fixed-width fa fa-plus"></em>
                                
                        </a>
                    </div>
                    <div style="height: 0px;" id="accordion-886" class="accordion-body collapse ">
                        <div class="accordion-inner">
                            
                        </div>
                    </div>
                </div>
                <div class="accordion-group">
                    <div class="accordion-heading">
                        <a class="accordion-toggle collapsed" data-toggle="collapse" data-parent="a" href="#accordion-888">
                            <em class="icon-fixed-width fa fa-plus"></em>
                                Kontaktmöglichkeiten
                        </a>
                    </div>
                    <div style="height: 0px;" id="accordion-888" class="accordion-body collapse ">
                        <div class="accordion-inner">
                            <div class="row"><div class="col-12 col-sm-12 col-lg-12  offset-sm-0 offset-lg-0  d-block d-sm-block d-lg-block"><div class="mxm_wysiwyg default d-inline">
	<p>Die Klassenlehrpersonen informieren die Eltern zu Beginn des Schuljahres über die gegenseitigen Kontaktmöglichkeiten (Elternabend, Gespräche, Besuchstage, usw.)</p><p><strong>PUPIL Connect</strong><br />Der Kontakt über die PUPIL connect App zwischen Schule und Elternhaus gilt hauptsächlich als Informationsmedium (Absenzmeldungen, allgemeine Infos etc.). Um Problemsituationen zu besprechen und klären zu können, vereinbaren Sie mit der Lehrperson telefonisch einen Gesprächstermin.</p><p>Nachrichten werden von den Lehrpersonen zeitnah verarbeitet. Sie erhalten innert zwei Arbeitstagen eine Bestätigung über den Erhalt Ihrer Nachricht.</p><p><strong>Telefon</strong></p><p>Die Schulverwaltung steht Ihnen für allgemeine Auskünfte zur Verfügung.</p><p>Der Telefonkontakt zwischen Lehrpersonen und Elternhaus wird hauptsächlich dafür genutzt, um Informationen auszutauschen oder einen Gesprächstermin zu vereinbaren (siehe oben „PUPIL Connect“). Bitte beachten Sie, dass Sie während den Unterrichtszeiten nur in dringenden Fällen in die Schule anrufen.</p><p>Vor oder nach dem Unterricht sind Lehrpersonen in der Schule erreichbar oder es kann ihnen eine Nachricht hinterlassen werden. </p><p><strong>Abmeldungen</strong><br />Abmeldungen infolge Erkrankung per PUPIL Connect App bis spätestens 07.45 Uhr.</p><p>Hat die Lehrperson bis zum Unterrichtsbeginn keine Abmeldung erhalten, wird sie sich bei Abwesenheit Ihres Kindes kurz bei Ihnen melden.</p><p><strong>Elterngespräche</strong><br />Während dem Schuljahr finden offizielle Elterngespräche statt. Hier tauschen sich Lehrpersonen und Eltern über die schulische Entwicklung, den Lernfortschritt, das Arbeits- und Sozialverhalten sowie den Leistungsstand des Kindes aus. Die Lehrperson wird Sie frühzeitig informieren und entsprechende Termine vereinbaren.</p>
</div></div></div>
                        </div>
                    </div>
                </div>
                <div class="accordion-group">
                    <div class="accordion-heading">
                        <a class="accordion-toggle collapsed" data-toggle="collapse" data-parent="a" href="#accordion-890">
                            <em class="icon-fixed-width fa fa-plus"></em>
                                Krankheit / Abwesenheit der Lehrperson
                        </a>
                    </div>
                    <div style="height: 0px;" id="accordion-890" class="accordion-body collapse ">
                        <div class="accordion-inner">
                            <div class="row"><div class="col-12 col-sm-12 col-lg-12  offset-sm-0 offset-lg-0  d-block d-sm-block d-lg-block"><div class="mxm_wysiwyg default d-inline">
	<p>Bei Krankheit der Lehrperson wird die Klasse am ersten Tag durch einen so genannten „Springer“ (einspringende Lehrperson) betreut. Die Schüler*innen und Eltern/Erziehungsberechtigen werden bis zum Mittag durch die Schulleitung darüber informiert, wie lange die Abwesenheit voraussichtlich sein wird. Bei längerer Abwesenheit haben die Schüler am 2. und 3. Tag schulfrei und werden ab dem 4. Tag nach Möglichkeit durch eine andere Lehrperson unterrichtet.</p>
</div></div></div>
                        </div>
                    </div>
                </div>
                <div class="accordion-group">
                    <div class="accordion-heading">
                        <a class="accordion-toggle collapsed" data-toggle="collapse" data-parent="a" href="#accordion-892">
                            <em class="icon-fixed-width fa fa-plus"></em>
                                Kurse in heimatlicher Sprache und Kultur (HSK)
                        </a>
                    </div>
                    <div style="height: 0px;" id="accordion-892" class="accordion-body collapse ">
                        <div class="accordion-inner">
                            <div class="row"><div class="col-12 col-sm-12 col-lg-12  offset-sm-0 offset-lg-0  d-block d-sm-block d-lg-block"><div class="mxm_wysiwyg default d-inline">
	<p>In den Kursen in heimatlicher Sprache und Kultur (HSK) erweitern fremdsprachige Kinder und Jugendliche die Kenntnisse in ihrer Muttersprache und ihrer Herkunftskultur. Der Besuch der Kurse HSK wird empfohlen, ist jedoch freiwillig. Mehr Informationen und Anmeldeformulare finden Sie <a href="https://www.sz.ch/verwaltung/bildungsdepartement/amt-fuer-volksschulen-und-sport/unterricht/interkulturelle-paedagogik.html/8756-8758-8802-9466-9467-11472-11474" target="_blank" rel="noopener noreferrer">hier</a>.</p>
</div></div></div>
                        </div>
                    </div>
                </div>
        </div>
        <!-- end accordion -->
    </div>
</div></div></div>
