

{"id":888,"date":"2018-07-16T10:30:56","date_gmt":"2018-07-16T08:30:56","guid":{"rendered":"https:\/\/www.schule-wollerau.ch\/primarschule\/unsere-schule\/schul-abc\/k\/kontaktmoeglichkeiten\/"},"modified":"2024-08-07T12:23:46","modified_gmt":"2024-08-07T10:23:46","slug":"kontaktmoeglichkeiten","status":"publish","type":"page","link":"https:\/\/www.musikschule-wollerau.ch\/primarschule\/unsere-schule\/schul-abc\/k\/kontaktmoeglichkeiten\/","title":{"rendered":"Kontaktm\u00f6glichkeiten"},"content":{"rendered":"<div class=\"row\"><div class=\"col-12 col-sm-12 col-lg-12  offset-sm-0 offset-lg-0  d-block d-sm-block d-lg-block\"><div class=\"mxm_wysiwyg default d-inline\">\r\n\t<p>Die Klassenlehrpersonen informieren die Eltern zu Beginn des Schuljahres \u00fcber die gegenseitigen Kontaktm\u00f6glichkeiten (Elternabend, Gespr\u00e4che, Besuchstage, usw.)<\/p><p><strong>PUPIL Connect<\/strong><br \/>Der Kontakt \u00fcber die PUPIL connect App zwischen Schule und Elternhaus gilt haupts\u00e4chlich als Informationsmedium (Absenzmeldungen, allgemeine Infos etc.). Um Problemsituationen zu besprechen und kl\u00e4ren zu k\u00f6nnen, vereinbaren Sie mit der Lehrperson telefonisch einen Gespr\u00e4chstermin.<\/p><p>Nachrichten werden von den Lehrpersonen zeitnah verarbeitet. Sie erhalten innert zwei Arbeitstagen eine Best\u00e4tigung \u00fcber den Erhalt Ihrer Nachricht.<\/p><p><strong>Telefon<\/strong><\/p><p>Die Schulverwaltung steht Ihnen f\u00fcr allgemeine Ausk\u00fcnfte zur Verf\u00fcgung.<\/p><p>Der Telefonkontakt zwischen Lehrpersonen und Elternhaus wird haupts\u00e4chlich daf\u00fcr genutzt, um Informationen auszutauschen oder einen Gespr\u00e4chstermin zu vereinbaren (siehe oben \u201ePUPIL Connect\u201c). Bitte beachten Sie, dass Sie w\u00e4hrend den Unterrichtszeiten nur in dringenden F\u00e4llen in die Schule anrufen.<\/p><p>Vor oder nach dem Unterricht sind Lehrpersonen in der Schule erreichbar oder es kann ihnen eine Nachricht hinterlassen werden. <\/p><p><strong>Abmeldungen<\/strong><br \/>Abmeldungen infolge Erkrankung per PUPIL Connect App bis sp\u00e4testens 07.45 Uhr.<\/p><p>Hat die Lehrperson bis zum Unterrichtsbeginn keine Abmeldung erhalten, wird sie sich bei Abwesenheit Ihres Kindes kurz bei Ihnen melden.<\/p><p><strong>Elterngespr\u00e4che<\/strong><br \/>W\u00e4hrend dem Schuljahr finden offizielle Elterngespr\u00e4che statt. Hier tauschen sich Lehrpersonen und Eltern \u00fcber die schulische Entwicklung, den Lernfortschritt, das Arbeits- und Sozialverhalten sowie den Leistungsstand des Kindes aus. Die Lehrperson wird Sie fr\u00fchzeitig informieren und entsprechende Termine vereinbaren.<\/p>\r\n<\/div><\/div><\/div>","protected":false},"excerpt":{"rendered":"","protected":false},"author":1,"featured_media":0,"parent":773,"menu_order":4,"comment_status":"closed","ping_status":"closed","template":"pagetemplates\/page_accordion.php","meta":{"_mi_skip_tracking":false,"_links_to":"","_links_to_target":""},"yst_prominent_words":[483,144,493,485,486,484,492,312,184,488,131,482],"_links":{"self":[{"href":"https:\/\/www.musikschule-wollerau.ch\/primarschule\/wp-json\/wp\/v2\/pages\/888"}],"collection":[{"href":"https:\/\/www.musikschule-wollerau.ch\/primarschule\/wp-json\/wp\/v2\/pages"}],"about":[{"href":"https:\/\/www.musikschule-wollerau.ch\/primarschule\/wp-json\/wp\/v2\/types\/page"}],"author":[{"embeddable":true,"href":"https:\/\/www.musikschule-wollerau.ch\/primarschule\/wp-json\/wp\/v2\/users\/1"}],"replies":[{"embeddable":true,"href":"https:\/\/www.musikschule-wollerau.ch\/primarschule\/wp-json\/wp\/v2\/comments?post=888"}],"version-history":[{"count":5,"href":"https:\/\/www.musikschule-wollerau.ch\/primarschule\/wp-json\/wp\/v2\/pages\/888\/revisions"}],"predecessor-version":[{"id":5317,"href":"https:\/\/www.musikschule-wollerau.ch\/primarschule\/wp-json\/wp\/v2\/pages\/888\/revisions\/5317"}],"up":[{"embeddable":true,"href":"https:\/\/www.musikschule-wollerau.ch\/primarschule\/wp-json\/wp\/v2\/pages\/773"}],"wp:attachment":[{"href":"https:\/\/www.musikschule-wollerau.ch\/primarschule\/wp-json\/wp\/v2\/media?parent=888"}],"wp:term":[{"taxonomy":"yst_prominent_words","embeddable":true,"href":"https:\/\/www.musikschule-wollerau.ch\/primarschule\/wp-json\/wp\/v2\/yst_prominent_words?post=888"}],"curies":[{"name":"wp","href":"https:\/\/api.w.org\/{rel}","templated":true}]}}

Kontaktmöglichkeiten

<div class="row"><div class="col-12 col-sm-12 col-lg-12  offset-sm-0 offset-lg-0  d-block d-sm-block d-lg-block"><div class="mxm_wysiwyg default d-inline">
	<p>Die Klassenlehrpersonen informieren die Eltern zu Beginn des Schuljahres über die gegenseitigen Kontaktmöglichkeiten (Elternabend, Gespräche, Besuchstage, usw.)</p><p><strong>PUPIL Connect</strong><br />Der Kontakt über die PUPIL connect App zwischen Schule und Elternhaus gilt hauptsächlich als Informationsmedium (Absenzmeldungen, allgemeine Infos etc.). Um Problemsituationen zu besprechen und klären zu können, vereinbaren Sie mit der Lehrperson telefonisch einen Gesprächstermin.</p><p>Nachrichten werden von den Lehrpersonen zeitnah verarbeitet. Sie erhalten innert zwei Arbeitstagen eine Bestätigung über den Erhalt Ihrer Nachricht.</p><p><strong>Telefon</strong></p><p>Die Schulverwaltung steht Ihnen für allgemeine Auskünfte zur Verfügung.</p><p>Der Telefonkontakt zwischen Lehrpersonen und Elternhaus wird hauptsächlich dafür genutzt, um Informationen auszutauschen oder einen Gesprächstermin zu vereinbaren (siehe oben „PUPIL Connect“). Bitte beachten Sie, dass Sie während den Unterrichtszeiten nur in dringenden Fällen in die Schule anrufen.</p><p>Vor oder nach dem Unterricht sind Lehrpersonen in der Schule erreichbar oder es kann ihnen eine Nachricht hinterlassen werden. </p><p><strong>Abmeldungen</strong><br />Abmeldungen infolge Erkrankung per PUPIL Connect App bis spätestens 07.45 Uhr.</p><p>Hat die Lehrperson bis zum Unterrichtsbeginn keine Abmeldung erhalten, wird sie sich bei Abwesenheit Ihres Kindes kurz bei Ihnen melden.</p><p><strong>Elterngespräche</strong><br />Während dem Schuljahr finden offizielle Elterngespräche statt. Hier tauschen sich Lehrpersonen und Eltern über die schulische Entwicklung, den Lernfortschritt, das Arbeits- und Sozialverhalten sowie den Leistungsstand des Kindes aus. Die Lehrperson wird Sie frühzeitig informieren und entsprechende Termine vereinbaren.</p>
</div></div></div>
